(-1). Let z(d) = -5*d**2 + 3*d + 10. What is z(t)?
-16
Let o(i) = -2*i + 7. Let y(d) = 35*d - 120. Let q(j) = -15*o(j) - y(j). Give q(4).
-5
Let g(a) be the first derivative of 9*a**5/20 + a**4/12 + a**3/6 + a**2/2 - 79*a - 69. Let l(y) be the first derivative of g(y). Determine l(-1).
-8
Let m(i) = i**3 - 5*i**2 - 5*i + 2. Let z(h) = -3*h - 70. Let v be z(-23). Let q be v*(3 - 0)/1 + 9. Calculate m(q).
8
Suppose t + 2 = 3*c, -2*t + 4*t = -c + 3. Let v(l) = -77*l + 150*l + c - 74*l. Calculate v(7).
-6
Let n(o) be the second derivative of -12*o + 0 - 23/6*o**3 - 1/8*o**4 + 0*o**2 + 1/360*o**6 + 0*o**5. Let c(u) be the second derivative of n(u). Determine c(0).
-3
Let g(d) be the first derivative of -74 + 2*d - 2*d**2 + 1/3*d**3. Calculate g(5).
7
Let c be (6/8)/(50/280)*(0 + -5). Let k(y) = y**2 + 20*y - 23. Determine k(c).
-2
Let b(z) = -3*z + 2. Let d be b(4). Let q(n) = -6*n**2 - 16*n - 64. Let c(x) = -7*x**2 - 17*x - 76. Let f(o) = -5*c(o) + 6*q(o). What is f(d)?
6
Suppose -3*l - u + 2*u = 7, -l + 2*u + 6 = 0. Let t(j) = 7*j**3 - 6*j**2 + 2*j + 38. Let i(o) = o**3 + o + 4. Let f(w) = 8*i(w) - t(w). Give f(l).
2
Let b(n) = -7*n**2 - 2*n + 1. Suppose -13 + 13 = 2*d. Let g = d - -1. What is b(g)?
-8
Let t = 380 + -205. Let m = t + -171. Let y(c) = -c**3 + 5*c**2 - c + 1. What is y(m)?
13
Let z(k) = -41*k - 34. Let x(y) = -10*y - 8. Let d(j) = 26*x(j) - 6*z(j). Give d(0).
-4
Suppose -2*m - 2*g = -2, 4*m = -3*g + 9 - 3. Let c(j) be the first derivative of -3*j - 1/3*j**3 + 137 + 3/2*j**2. Calculate c(m).
-3
Let a(y) = -30*y - 280. Let o = -4611 + 4602. Calculate a(o).
-10
Suppose 15*f = 17*f - 132. Let r(w) = 65 - f - 7*w + 6*w. Determine r(7).
-8
Suppose -5*s - 320*y - 22 = -317*y, 3*s - 4*y = 10. Let g(u) = -4*u**3 + 2*u**2 + 2*u + 1. Give g(s).
37
Let o = -259 - -462. Let v = o + -212. Let h(i) = -2*i - 8. Calculate h(v).
10
Let v(w) = 4*w**2 + 22*w + 21. Suppose -54*j - 40*j - 115 = -71*j. What is v(j)?
11
Let d(o) = -2*o**3 + 7*o**2 - 2*o - 2. Let u be d(2). Let c(p) = p - 1. Let s(x) = x - 1. Let n(h) = 5*c(h) - 6*s(h). Calculate n(u).
-5
Suppose 522 + 842 = 4*w. Let d(y) = -y**3 + 345*y + 4 - w*y - 6 - 4*y**2. What is d(-5)?
3
Let v be (-28)/(-12)*1*3. Let j(i) be the second derivative of -i**5/20 + 7*i**4/12 + i**3/6 - 5*i**2 + 396*i. Calculate j(v).
-3
Let g(u) = 20*u + 21. Let i(w) = 2*w**2 + 32*w - 451. Let j be i(9). Give g(j).
1
Let u(q) = 3*q - 4*q + q**2 - q - q**3 + 2. Suppose -20*r + 16*r - 3*v = -44, 4*v - 48 = -4*r. Suppose 0*y = -3*y - c + r, -2*c = -4*y + 4. What is u(y)?
-6
Suppose -3*h + 0*h = 0. Let d be (4 + h)*(6 - 7). Let r(c) be the third derivative of c**6/120 + c**5/20 - c**4/24 - 5*c**3/6 + 2*c**2 + 195. Determine r(d).
-17
Let r be (-4)/(-10)*((-309)/15 - 36/(-60)). Let w(u) = 67*u**2 + 538*u + 12. Determine w(r).
-4
Let j be (-1)/1 + (5 - 1). Let z(n) = -7 + 10*n + n**3 + 4*n**2 - 2*n**3 + 0*n**j. Let y be ((-109590)/(-58448))/((-10)/(-32)). Calculate z(y).
-19
Let a(n) be the first derivative of 2*n**3/3 + 38*n**2 - 75*n + 4937. Calculate a(-39).
3
Let w(f) = 26*f. Suppose -3*n - 175 = c, n + 0 = -3. Let g be ((-3)/(-2))/((-3)/c). Let l = 82 - g. Determine w(l).
-26
Let a(u) be the third derivative of -u**6/120 - 19*u**5/60 + 3*u**4/4 - 37*u**3/6 - 31*u**2 - 53*u + 2. What is a(-20)?
3
Let m(v) = v**3 + 2*v**2 + 4*v + 6. Let r be m(-2). Let k(h) = 5*h**2 + 8*h + 9. What is k(r)?
13
Let a(h) = 68*h - 410. Let s = 21026 + -21020. Calculate a(s).
-2
Suppose 3*y + 6 = -4*k, -2*y - 180 = 5*k - 169. Let x(q) = 11*q + 31. Determine x(k).
-2
Suppose 9 = 3*s + q, 5*s - 4*s = -4*q + 14. Let f(a) = -8 + a**3 - 310*a**s + 318*a**2 - 32*a + 33*a. What is f(-7)?
34
Suppose -j + 4*m - 15 = -5, 0 = 2*j - 2*m + 2. Let g(h) = -20 - h**j + 56 - 12 + 17*h. Give g(18).
6
Let j(t) = 28*t**2 - 2*t - 32. Let f(z) = -13*z**2 + z + 16. Let d(v) = -13*f(v) - 6*j(v). Determine d(-3).
-4
Suppose 0 = 11*u + 575 - 520. Let l(z) = 11*z**2 + 26*z - 14. Let j(n) = -4*n**2 - 9*n + 5. Let w(y) = 8*j(y) + 3*l(y). Determine w(u).
-7
Let p(i) = i**2 + 62*i + 123. Suppose 61*r = 338*r + 213*r + 980. Calculate p(r).
3
Let b(m) = -m + 5. Let x be (9 - 10)*(5 + -7). Calculate b(x).
3
Let h(i) be the second derivative of i**4/12 - 2*i**3 + 3*i**2/2 + 3*i - 2738. Give h(6).
-33
Let z(j) = -j**2 + 2*j + 26. Suppose -17560*c + 60 = -17550*c. Calculate z(c).
2
Suppose 51*q + 50*q = 37*q - 56*q. Let i(j) = 6*j - 17. Let v(r) = 5*r - 18. Let b(w) = -4*i(w) + 5*v(w). What is b(q)?
-22
Let p(z) = -6*z - 41. Suppose -5*l - 3*s = 42, 18*l - 3*s = 17*l + 6. Determine p(l).
-5
Let r(s) = -s**3 + 10*s**2 + s + 19. Let z(n) = 178*n - 2126. Let p be z(12). What is r(p)?
29
Let u(r) = r + 21. Let i be u(-17). Let m(p) be the second derivative of 2*p**3/3 - p**2 + 4*p - 22. Calculate m(i).
14
Let p(y) = 5*y**2 - 3*y - 2. Suppose 2*r - 24 = 5*o, 0 = 78*r - 80*r - o - 12. Give p(r).
52
Suppose 39*s + 12 = 43*s. Suppose 9*v - s = -30. Let a(y) = -5*y**2 + 2*y - 5. Let l(u) = 14*u**2 - 5*u + 14. Let j(t) = 11*a(t) + 4*l(t). Give j(v).
4
Let q(a) = -a**3 + 2*a**2 - 3*a - 1. Suppose -92*i - 89*i + 724 = 0. Calculate q(i).
-45
Let l(j) = 3 - 4*j + 2 + 3*j**2 + j. Let n(a) be the second derivative of a**4/12 - a**3/6 - 62*a. Let z(b) = -l(b) + 2*n(b). What is z(0)?
-5
Suppose -2*k + 6 = 0, 21 = -5*w - 2*k + 4*k. Let j(f) = f. Let y(n) = n + 2. Let s(p) = -j(p) + 2*y(p). What is s(w)?
1
Suppose -2*f - 4*q + 18 = -10, 3*q - 12 = 0. Suppose f*r = 3 - 3. Suppose v + 4*l - l = r, 0 = 3*l. Let w(m) = -m - 3. What is w(v)?
-3
Let t = -68 - -57. Let v be 6/(-4)*(13 + t). Let r(f) = -f**2 - 5*f - 2. What is r(v)?
4
Let o(p) = -p**3 - 5*p**2 + 7*p + 7. Suppose 395*q - 682 = -1447 - 1210. Give o(q).
-28
Let f(u) = -6*u - 4*u + 16 + 8 + 9*u - 17. Determine f(9).
-2
Suppose -11*c + 217 = -245. Suppose 0 = 4*m - 27 - 61. Let y(k) = -m*k + c*k - 21*k. Calculate y(-6).
6
Let f(v) = -11*v**2 - 366*v - 103. Let k be f(-33). Let u(y) = y**2 + 5*y + 11. Give u(k).
7
Let g = 7374 - 7373. Let t(v) = 7*v - 2. Calculate t(g).
5
Let u = -395 - -408. Let x(r) = 2*r + 43*r - 43*r - u. Give x(8).
3
Suppose 21 = b + 2*u, 22*b - u = 17*b + 39. Let j(q) = 2*q**3 - 18*q**2 - 3*q + 16. Give j(b).
-11
Suppose 70 + 22 = k. Suppose -4*u + 592 = 3*o, -4*o + 688 = 3*u - k. Let r be (o/(-112))/((-4)/14). Let y(d) = -d**3 + 6*d**2 - 2*d + 8. Determine y(r).
-4
Let b(d) = -2*d**2 - 2*d + 3. Let g be (11/22)/((-2)/(-4)) - 4. Let s be b(g). Let m(k) = -k - 6. Calculate m(s).
3
Let i(c) = c + 6. Let j(g) be the third derivative of g**4/6 + 31*g**3/6 + 11*g**2. Let o(a) = 11*i(a) - 2*j(a). Give o(-2).
-2
Let d(m) = m**2 - 4*m + 8. Let l(t) = 29*t - 230. Let z be l(8). Suppose -3*g = -z*v - 14 - 14, -4*g + 2*v = -34. Determine d(g).
20
Let f(c) = -24*c**3 - c**2 + 177*c + 5. Let u(m) = 12*m**3 + m**2 - 71*m - 2. Let w(b) = -2*f(b) - 5*u(b). What is w(1)?
-14
Let o(d) = d**3 - 6*d**2 - 8*d + 4. Let q = -228 - -233. Suppose 30 + q = 5*w. Calculate o(w).
-3
Let a(o) = o**3 - o**2 + o. Let d(h) = -7*h**2 - 41*h - 50. Let c be d(-4). Give a(c).
6
Let w(n) be the third derivative of -n**4/4 - 191*n**3/6 - 42*n**2 + 17*n. Calculate w(-34).
13
Let q(r) be the second derivative of r**6/180 + r**5/20 + 115*r**4/4 + 2*r + 118. Let b(z) be the third derivative of q(z). Let t = 11 + -17. Determine b(t).
-18
Let a(b) = -7*b - 11. Let o be (-75)/10*((-10)/(-25))/(14/(-28)). Calculate a(o).
-53
Let l(s) be the second derivative of -s**3/2 + 27*s**2 + 695*s. Calculate l(18).
0
Let s(n) be the first derivative of n**3/3 - 11*n**2/2 + 13*n - 18. Let r = 5360 + -5353. Determine s(r).
-15
Let u(r) = r**2 + 12*r + 36. Let p(v) = v**3 + 17*v**2 - 7. Let d be p(-17). Give u(d).
1
Let l(g) = -3*g + 7. Let m be 3*(-2)/(-3)*4064/(-64). Let z = m + 130. What is l(z)?
-2
Let p(k) be the first derivative of -32*k**3/3 + 43*k**2/2 - k - 303. Let i(m) = -5*m**2 + 7*m. Let d(n) = -39*i(n) + 6*p(n). Give d(5).
-6
Let w(b) = -b**2 + 15*b - 4. Let n(u) = -u**2 + 17*u - 3. Suppose 184*l + 12 = 180*l. Let m(g) = l*n(g) + 4*w(g). Give m(9).
-7
Let r(l) be the third derivative of -l**7/840 + 7*l**6/360 - l**4/12 - 17*l**3/3 - 251*l**2. Let b(g) be the first derivative of r(g). Determine b(7).
-2
Suppose -2*t + 6*t = t. Let h be (7 - 12) + t - -2. Let r(f) = -